{"id":9551,"date":"2025-09-05T01:27:53","date_gmt":"2025-09-05T01:27:53","guid":{"rendered":"https:\/\/www.aungwinter.com\/?post_type=product&#038;p=9551"},"modified":"2025-09-05T01:27:53","modified_gmt":"2025-09-05T01:27:53","slug":"kinder-wintermutze-aus-cord-mit-ohrenklappen-bestickt-und-mit-logo-aufnaher","status":"publish","type":"product","link":"https:\/\/www.aungwinter.com\/de\/product\/kids-corduroy-winter-earflap-hat-with-embroidered-and-patched-logo\/","title":{"rendered":"Kinder-Winterm\u00fctze aus Cord mit Ohrenklappen, bestickt und mit Logo-Aufn\u00e4her"},"content":{"rendered":"<table width=\"538\">\n<tbody>\n<tr>\n<td width=\"211\">Modellnummer<\/td>\n<td width=\"327\">Woche 2410-1<\/td>\n<\/tr>\n<tr>\n<td>Altersgruppe<\/td>\n<td width=\"327\">Kinder<\/td>\n<\/tr>\n<tr>\n<td>Anwendbare Szene<\/td>\n<td width=\"327\">Reisen, Outdoor, Sport usw.<\/td>\n<\/tr>\n<tr>\n<td>Stil<\/td>\n<td width=\"327\">L\u00e4ssig &amp; modisch<\/td>\n<\/tr>\n<tr>\n<td>Mindestbestellmenge<\/td>\n<td width=\"327\">25 St\u00fcck\/Modell\/Farbe<\/td>\n<\/tr>\n<tr>\n<td>Farbe<\/td>\n<td width=\"327\">Braun<\/td>\n<\/tr>\n<tr>\n<td>Geschlecht<\/td>\n<td width=\"327\">Unisex<\/td>\n<\/tr>\n<tr>\n<td>Material<\/td>\n<td width=\"327\">Cord und Fleece<\/td>\n<\/tr>\n<tr>\n<td>Logo-Gestaltung<\/td>\n<td width=\"327\">Bestickt und  geflickt<\/td>\n<\/tr>\n<tr>\n<td>Beispielzeit<\/td>\n<td width=\"327\">3-7 Tage f\u00fcr klassische oder Standardausf\u00fchrung<\/td>\n<\/tr>\n<tr>\n<td>Herkunftsort<\/td>\n<td width=\"327\">Shenzhen, China<\/td>\n<\/tr>\n<tr>\n<td>Markenname<\/td>\n<td width=\"327\">Aungwinter<\/td>\n<\/tr>\n<tr>\n<td>Saison<\/td>\n<td width=\"327\">Winter, Herbst, Fr\u00fchling<\/td>\n<\/tr>\n<tr>\n<td>Dienstleistung<\/td>\n<td width=\"327\">Kundenspezifische OEM- und ODM-Produkte<\/td>\n<\/tr>\n<tr>\n<td>Verpackung<\/td>\n<td width=\"327\">1 St\u00fcck\/Opp-Beutel<\/td>\n<\/tr>\n<tr>\n<td>Etikett<\/td>\n<td width=\"327\">Eigenmarke<\/td>\n<\/tr>\n<\/tbody>\n<\/table>","protected":false},"excerpt":{"rendered":"<p>Diese Winterm\u00fctze f\u00fcr Kinder vereint W\u00e4rme, Strapazierf\u00e4higkeit und stilvolle Details f\u00fcr gem\u00fctliches Tragen bei kaltem Wetter.<\/p>","protected":false},"featured_media":9556,"template":"","meta":{"_seopress_robots_primary_cat":"none","_seopress_titles_title":"","_seopress_titles_desc":"","_seopress_robots_index":"","_gspb_post_css":"","_jf_limit_responses":"","_jet_sm_ready_style":"","_jet_sm_style":"","_jet_sm_controls_values":"","_jet_sm_fonts_collection":"","_jet_sm_fonts_links":""},"product_brand":[],"product_cat":[85],"product_tag":[],"hf_cat_product":[],"class_list":{"0":"post-9551","1":"product","2":"type-product","3":"status-publish","4":"has-post-thumbnail","6":"product_cat-kids-winter-hats","8":"first","9":"instock","10":"shipping-taxable","11":"product-type-simple"},"_links":{"self":[{"href":"https:\/\/www.aungwinter.com\/de\/wp-json\/wp\/v2\/product\/9551","targetHints":{"allow":["GET"]}}],"collection":[{"href":"https:\/\/www.aungwinter.com\/de\/wp-json\/wp\/v2\/product"}],"about":[{"href":"https:\/\/www.aungwinter.com\/de\/wp-json\/wp\/v2\/types\/product"}],"wp:featuredmedia":[{"embeddable":true,"href":"https:\/\/www.aungwinter.com\/de\/wp-json\/wp\/v2\/media\/9556"}],"wp:attachment":[{"href":"https:\/\/www.aungwinter.com\/de\/wp-json\/wp\/v2\/media?parent=9551"}],"wp:term":[{"taxonomy":"product_brand","embeddable":true,"href":"https:\/\/www.aungwinter.com\/de\/wp-json\/wp\/v2\/product_brand?post=9551"},{"taxonomy":"product_cat","embeddable":true,"href":"https:\/\/www.aungwinter.com\/de\/wp-json\/wp\/v2\/product_cat?post=9551"},{"taxonomy":"product_tag","embeddable":true,"href":"https:\/\/www.aungwinter.com\/de\/wp-json\/wp\/v2\/product_tag?post=9551"},{"taxonomy":"hf_cat_product","embeddable":true,"href":"https:\/\/www.aungwinter.com\/de\/wp-json\/wp\/v2\/hf_cat_product?post=9551"}],"curies":[{"name":"wp","href":"https:\/\/api.w.org\/{rel}","templated":true}]}}

Kinder-Wintermütze aus Cord mit Ohrenklappen, bestickt und mit Logo-Aufnäher

<table width="538">
<tbody>
<tr>
<td width="211">Modellnummer</td>
<td width="327">Woche 2410-1</td>
</tr>
<tr>
<td>Altersgruppe</td>
<td width="327">Kinder</td>
</tr>
<tr>
<td>Anwendbare Szene</td>
<td width="327">Reisen, Outdoor, Sport usw.</td>
</tr>
<tr>
<td>Stil</td>
<td width="327">Lässig &amp; modisch</td>
</tr>
<tr>
<td>Mindestbestellmenge</td>
<td width="327">25 Stück/Modell/Farbe</td>
</tr>
<tr>
<td>Farbe</td>
<td width="327">Braun</td>
</tr>
<tr>
<td>Geschlecht</td>
<td width="327">Unisex</td>
</tr>
<tr>
<td>Material</td>
<td width="327">Cord und Fleece</td>
</tr>
<tr>
<td>Logo-Gestaltung</td>
<td width="327">Bestickt und  geflickt</td>
</tr>
<tr>
<td>Beispielzeit</td>
<td width="327">3-7 Tage für klassische oder Standardausführung</td>
</tr>
<tr>
<td>Herkunftsort</td>
<td width="327">Shenzhen, China</td>
</tr>
<tr>
<td>Markenname</td>
<td width="327">Aungwinter</td>
</tr>
<tr>
<td>Saison</td>
<td width="327">Winter, Herbst, Frühling</td>
</tr>
<tr>
<td>Dienstleistung</td>
<td width="327">Kundenspezifische OEM- und ODM-Produkte</td>
</tr>
<tr>
<td>Verpackung</td>
<td width="327">1 Stück/Opp-Beutel</td>
</tr>
<tr>
<td>Etikett</td>
<td width="327">Eigenmarke</td>
</tr>
</tbody>
</table>

<p>Diese Wintermütze für Kinder vereint Wärme, Strapazierfähigkeit und stilvolle Details für gemütliches Tragen bei kaltem Wetter.</p>
